/(2/(12/(-9))). Let k be (0 + 1)/((-1)/w). Suppose -74 = -0*x - k*x. Is x prime?
True
Let r = -3 - -13. Suppose 6*x = x + r. Suppose -x*v + 2*s + 111 = v, 3*s - 96 = -3*v. Is v composite?
True
Suppose -s + 4*n = -6*s + 1477, 0 = 5*s + 3*n - 1474. Is s composite?
False
Suppose -5*n = -72 - 53. Let q = -2 + 7. Suppose -n + q = -2*k. Is k composite?
True
Suppose -4 = 4*x - 6*x. Is x a composite number?
False
Let q be (-4)/(-10) + 1496/10. Let y be 3/2*(-20)/(-15). Suppose y*r - q = -40. Is r a composite number?
True
Let l(d) = 4*d + 2. Let t be l(-3). Let i be (1 - (-7)/(-5))*t. Is i*(2 + (-2)/8) prime?
True
Suppose 0 = 2*r + 2 - 12. Let h = r - -2. Let u(n) = 2*n + 8. Is u(h) prime?
False
Suppose 3246 = c - 0*w - w, 4*w = -3*c + 9773. Is c prime?
True
Suppose -z + 4*z + 3*f - 3 = 0, -5 = 5*f. Suppose z*o + 5*l = 4*l + 3, -2*o + 3*l = -7. Is (55/o)/((-1)/(-2)) composite?
True
Let b(u) = 537*u**2 - 3*u + 11. Is b(2) prime?
True
Suppose 5*a + x - 23 = 0, 3*a = -5*x - 5 + 10. Let m(d) = 5*d**2 - d - 2. Is m(a) prime?
False
Let v be 2 + -4 + (1 - -138). Let x(l) = 29*l + 3. Let c be x(-3). Let f = c + v. Is f composite?
False
Let b be (8/3)/((-2)/(-3)). Suppose -b - 24 = -4*n. Is n composite?
False
Suppose 0 = 4*x - 5*x + 4. Suppose -i + 16 = 3*f, 3*f - x*f - 4 = -2*i. Suppose -f*y = -y - 153. Is y a composite number?
True
Let s = -58 + 111. Is s prime?
True
Let z(r) = 23*r - 1. Let h(t) = t. Let p(o) = 6*h(o) - z(o). Is p(-2) composite?
True
Let o = -86 + 133. Is o prime?
True
Let y be ((-12)/10)/((-2)/(-10)). Is (-4876)/(-24) - (-1)/y a composite number?
True
Is 4 + -973*(-4)/((-16)/(-12)) a composite number?
True
Suppose 4*z - 2268 - 880 = 0. Is z a prime number?
True
Let j = 335 + -180. Is j a composite number?
True
Suppose -3*j - j + 364 = 2*a, -5*a = 2*j - 182. Is j a composite number?
True
Suppose 3*t = -5*d + 2 + 1, -2*t - 5*d + 2 = 0. Let k be (1 + -1)*t/3. Suppose 0 = p - k*p - 37. Is p prime?
True
Suppose -5*c = 2*p + 23, 5*p - 5*c = -2 - 3. Let v = 0 - p. Let g(x) = x**2 + 2*x - 5. Is g(v) a composite number?
False
Let v(f) = -2*f**2 - 3*f + 3. Let u be v(-4). Let s(a) = -a**3 + 6*a**2 + 6*a - 8. Let h be s(6). Let i = h + u. Is i composite?
False
Let y(p) = 2*p**3 - 11*p**2 + 9*p - 23. Is y(10) composite?
False
Let j be (-4)/(-6) + (-49)/(-21). Let o(w) = w - 1. Let d be o(j). Suppose -2*r + 140 = d*r. Is r a prime number?
False
Is (-2665)/(-7) - (-8)/28 a composite number?
True
Let j(z) = -z**2 - 4*z + 4. Let g be j(-4). Suppose 93 = -k + g*k. Is k prime?
True
Is (2/6)/(1/1401) prime?
True
Suppose -f - 3 = -0. Is 6/(-9)*f - -111 a composite number?
False
Let v = -11 - -15. Is (22/3)/(v/30) prime?
False
Let q = 570 + -267. Is q a composite number?
True
Suppose 0 = 4*n - 4*g + 4, 4*n - g = -0*g + 5. Suppose -n*t + 7*t - 21 = -y, 2*y + 2*t - 26 = 0. Is y a prime number?
True
Suppose 2*s = 2*u - 690, u - 76 = -2*s + 275. Is u a prime number?
True
Suppose -p - 25 = -4*p + d, -32 = -4*p + 2*d. Suppose 5*j - p = -99. Let r = j + 28. Is r a prime number?
False
Let s(z) = 8*z**2 - 3*z + 2. Is s(3) a prime number?
False
Suppose 3*y - 12 = 3*h, 2*h - 3*y = -12 - 0. Suppose -4*d + 3*d + 15 = h. Is d a composite number?
True
Let q(f) = -f**3 + 5*f**2 + 5*f + 6. Let k be q(6). Let u(j) = -4*j + k - 3 + 8. Is u(-7) a prime number?
False
Suppose -996 = -11*g + 5*g. Is g a prime number?
False
Suppose -7*k + 2951 = -164. Is k composite?
True
Suppose 0 = -4*l + 659 - 27. Suppose l = 2*q - 0*q. Let h = -24 + q. Is h composite?
True
Let m be (6 + -1 + 0)*131. Let o = m + -354. Is o a prime number?
False
Let u = -31 - -65. Let w be (-56)/3 - 3/9. Let l = u + w. Is l prime?
False
Suppose -21 = -6*q - 3. Suppose -q*y + 20 = -742. Is y a composite number?
True
Suppose 352 = 2*a - 78. Is a prime?
False
Let m(y) = 3*y + 4. Let g be 15*4*(-1)/(-12). Is m(g) prime?
True
Let p be 0 + -1 - (-146)/2. Suppose 18 = -5*j - p. Is ((-228)/j)/((-2)/(-3)) a composite number?
False
Is 1616/10 + 6/(-10) a composite number?
True
Suppose -3*v + 249 = 5*o - 2*o, o + 3*v - 79 = 0. Is o a prime number?
False
Suppose 5*t - 108 = m, 2*t - 3*m - 25 = 13. Let f = t + 1. Is f prime?
True
Let w be -2*(-2 - (-3)/6). Is (11/w)/((-9)/(-135)) a prime number?
False
Let c = 3558 + -1637. Is c prime?
False
Let v(x) be the second derivative of 7*x**3/6 + 3*x**2/2 - 3*x. Is v(4) prime?
True
Suppose -l = -2*l + 4. Suppose -u - q = -72 - 58, -l*u = -q - 505. Is u a prime number?
True
Suppose 4*h + 5*c - 298 = 0, 0 = -5*h + 4*c - 149 + 542. Is h a composite number?
True
Suppose -36 = 4*z - 8*z. Is z prime?
False
Let w = -914 + 1323. Is w composite?
False
Suppose d - 12 = 2*u - 0, -3*d + 2*u = -24. Let f be (-384)/(-9) + (-4)/d. Suppose 0 = b + 4*l - 81, b - 42 = -l + f. Is b prime?
False
Let m(j) = 11*j**2 + j. Suppose 3 = z + 6. Let a(v) = v**2 + 4*v + 2. Let r be a(z). Is m(r) a prime number?
False
Suppose 3*b + 6*b - 7065 = 0. Is b a composite number?
True
Suppose 0 = 2*z - 4 - 0. Let l = 35 - z. Is l prime?
False
Suppose -760 + 4654 = 6*w. Is w composite?
True
Let k(j) = -8*j**3 - j**2 + 2*j + 3. Is k(-2) composite?
False
Let i(l) = -5 + 9*l + 2 - 103*l + 4. Let p = -2 + 1. Is i(p) composite?
True
Suppose -20 = 4*m, 0*m + 20 = 2*z + 2*m. Suppose -2*c + 7 = -z. Is c a prime number?
True
Let n be (-1)/((-2)/(-10)) + 2. Let l = -7 - n. Is (0 + -5)/(l/28) composite?
True
Is (4/2)/(2/46) composite?
True
Suppose 6*m - 1695 = 939. Is m a prime number?
True
Let o = -15 - -9. Let h be o/(-27) + (-889)/(-9). Suppose -z + 2*r + 3*r + 139 = 0, -z + h = 5*r. Is z a prime number?
False
Let a = -6 + 6. Suppose 0*q + 3*q - 42 = a. Is q composite?
True
Suppose 437 = 3*f - y - 0*y, 601 = 4*f - 5*y. Suppose -5*q + 479 = f. Is q a prime number?
True
Let g(i) = 2*i**3 - 6*i**2 + 3*i - 2. Suppose -x + 2*x - 2 = 0. Suppose 2 + 8 = x*m. Is g(m) a composite number?
False
Suppose 3*o - 2*b = 8*o - 71, 0 = -4*o - 2*b + 56. Suppose -1489 = -4*p + x, -371 = -p - 3*x - o. Is p a composite number?
True
Suppose 3095 = -4*g - g. Let n = -354 - g. Is n a composite number?
True
Let m = -1952 - -3103. Is m a prime number?
True
Suppose 4*h - 3 = 3*m, -5*h - m = -2*h + 1. Suppose -3*o + 78 = -h*o. Is o prime?
False
Let y(m) = 2*m**2 - 5*m - 16. Is y(7) prime?
True
Suppose 2*i + 22 = 108. Let s = i - -16. Is s a composite number?
False
Suppose z - 18 = -11. Is z composite?
False
Let q = -888 + 587. Is 1/(300/q + 1) a composite number?
True
Let u(n) = -7*n + 3. Let h(a) = 6*a - 3. Let j(s) = -6*h(s) - 5*u(s). Is j(-11) a composite number?
True
Let t(r) = 2*r**2 - 3*r - 4. Let g be t(-3). Let k = 56 + g. Is k prime?
True
Suppose 0 = -v - 4*q + 691, 5*v + 3*q - 708 - 2747 = 0. Is v composite?
False
Suppose 0 = 2*r + 3*r - 30. Suppose 2*d = 5*h - 595, -r*h + 595 = -h + 4*d. Is h a composite number?
True
Let o = -10 + -202. Let j = o - -477. Let v = 488 - j. Is v composite?
False
Suppose 162 = -5*a + 2*a. Let o = a - -137. Is o prime?
True
Suppose -828 - 17 = -5*r. Is r composite?
True
Let q(g) = g**2 + 3*g - 8. Let h be q(-6). Is ((-4)/(-6))/(h/885) a prime number?
True
Suppose -2*m - 5 = 3*m. Is (-394)/(-5) + m/(-5) composite?
False
Let k = -28 + 47. Is k a composite number?
False
Suppose -4*r + 1 = 5. Is (-82 + r + -3)/(-1) a composite number?
True
Suppose 4041 - 767 = 2*c. Is c a composite number?
False
Let x(h) = -17*h - 6. Let k be x(5). Let c = 129 + k. Is c a prime number?
False
Let h be 3 - (-11 + -1) - -1. Suppose 0 = v + h - 69. Is v a composite number?
False
Suppose 85 = -0*u + 3*u + 2*r, 5*r = -5*u + 145. Let c(s) = 2*s**3 - s**2 + 2*s + 3. Let n be c(5). Let t = n - u. Is t prime?
True
Let s(q) = q**3 + 3*q**2 - 7*q - 8. Let a be s(-4). Suppose -a*n + 359 = 2*l + 1, -2*n = 8. Is l composite?
True
Suppose 0 = -2*z + 6*z. Suppose -4*x - 53 - 37 = -2*c, -4*c + 5*x + 171 = z. Is c a composite number?
True
Let r(d) = 9 + 2*d**2 - 4*d**2 + 2*d + 4*d**2 + 6*d. Is r(7) a prime number?
True
Suppose 0 = -2*a - 4*b - b + 1038, a - 5*b = 519. Is a composite?
True
Suppose 22 = -5*q + 132. Suppose -2*w + 23 = 5*g - 0*w, -4*g - 2*w = -20. Suppose -q = -5*n - y + 167, g*y = 12. Is n composite?
False
Let p(r) = -r**3 - r**2 + r - 77. Let t be p(0). Let j = t + 130. Is j a prime number?
True
Let k = -5 + -5. Let s(v) = -2*v + 1. Is s(k) 